 4*h = m + 17, -3*h + 8 = -h. Let v = 6 - m. Calculate the remainder when 22 is divided by v.
1
Let g = 277 - 244. Calculate the remainder when 393 is divided by g.
30
Let z(u) = -2*u - 26 + 5 + 0*u - 12*u. Let b be z(-4). Let k = b + 16. Calculate the remainder when k is divided by 14.
9
Let j(h) = -h**3 + 13*h**2 - 14*h + 17. Let b be j(12). Let y be (4/b)/((-2)/7). Suppose -y*n = -4*n + 54. Calculate the remainder when n is divided by 15.
12
What is the remainder when 62660/(-40)*120/(-130) is divided by 63?
60
Suppose 1244 = 3*q + 269. Let i be 7650/33 - (-13)/(143/2). Let k = q - i. Calculate the remainder when k is divided by 19.
17
Suppose 14*r + 244*r = 83076. Calculate the remainder when r is divided by 144.
34
Suppose 19*o = 22*o - 879. Suppose 3*x = o - 62. Suppose -7*m + 0*m = -x. What is the remainder when m is divided by 3?
2
Suppose -76*v - 37 = -l - 77*v, -59 = -2*l + 3*v. What is the remainder when l is divided by 14?
6
Suppose -8*l - 132 = -6*l - 2*c, -78 = l + 3*c. Let f = 125 - l. What is the remainder when f is divided by 14?
12
Suppose -12 = -3*y, -47*o = -50*o - 5*y + 27491. Calculate the remainder when o is divided by 40.
37
What is the remainder when 1317 is divided by 189/5 + 18/15?
30
Let y = -33953 + 33968. Calculate the remainder when 3146 is divided by y.
11
Let p(c) = -10*c + 39. Let a(m) = -46 + 16 + 144*m - 10 - 134*m. Let z(v) = 3*a(v) + 2*p(v). What is the remainder when z(8) is divided by 21?
17
What is the remainder when 62 is divided by ((-48)/(-70) + (-16)/56)*(-150)/(-20)?
2
Suppose 5*b + b - 2042 = 142. Calculate the remainder when b is divided by 210.
154
Let b(j) = -2*j**2 + 10*j + 292. Let m be b(15). Suppose -y = n - 0*y - 1087, 5*y + 25 = 0. Calculate the remainder when ((n/(-16))/7)/(3/m) is divided by 10.
6
Suppose 844 + 180 = 4*r. Let s = r + -125. Let k = 134 - s. What is the remainder when 42 is divided by k?
0
Calculate the remainder when 1020 is divided by (-2 + 6)*(6 - (-1680)/30).
28
Let w = -88 + 113. Let i(b) = b**3 - 26*b**2 + 28*b - 59. What is the remainder when 38 + 7 + (0 - -1) is divided by i(w)?
14
Let y = 7786 + -7131. Calculate the remainder when y is divided by 61.
45
Suppose 10783*n + 144 = 10789*n. Let w be (-4)/(-10) + 112/(-5). Let c = w + 35. What is the remainder when n is divided by c?
11
Let y = -1342 + 1361. Let u = 83 + -56. Suppose 5*k + 2*b - b = 121, k - u = -3*b. Calculate the remainder when k is divided by y.
5
Suppose 0*b + 6*b + 5484 = 18*b. Calculate the remainder when 1378 is divided by b.
7
Let j(y) = 134*y**3 - y**2 - y + 1. Suppose 4*f + 2*l - 40 = 28, 0 = 3*f + 5*l - 51. What is the remainder when j(1) is divided by f?
14
Let n be (-6)/(108/1158) + 4/(-6). Let m = 53 + n. What is the remainder when 12/(-18) - 344/m is divided by 8?
4
Suppose 0 = 3*u - 493 - 413. Let y = u - 288. Calculate the remainder when 41 is divided by y.
13
Let v be -6*(40/(-12))/5. Let u = v + -2. Suppose -u*g + 43 = -g. Calculate the remainder when g is divided by 22.
21
Calculate the remainder when 2966 is divided by 50/(-4)*(-792)/90.
106
Suppose -410*u + 29691 = -15409. What is the remainder when u is divided by ((-34)/4)/(1/(-4))?
8
Let l = 9401 - 9388. Calculate the remainder when 545 is divided by l.
12
Let b = -26495 - -26623. Let v = 11 - -1. What is the remainder when b is divided by v?
8
Let q(u) = -2*u**2 + 18*u + 3. Let j be q(9). Suppose 350 = 2*s - 2*v, -j*s - s = 5*v - 673. What is the remainder when s is divided by 29?
27
Suppose -5*s + 5 = 0, -4*b + 10*s + 77 = 7*s. Let q = 766 - 457. Suppose 5*w - 298 - q = 3*u, 12 = -3*u. What is the remainder when w is divided by b?
19
Let d = 6 + -3. Suppose 0 = d*s - 6*s. Suppose 210 = 4*k + t + 4*t, s = k + 2*t - 51. What is the remainder when k is divided by 19?
17
Suppose 2*t - 84 = 32*c - 28*c, 3*c + 183 = 4*t. Calculate the remainder when 16079 is divided by t.
47
What is the remainder when 432 is divided by (-2)/(((-2)/4)/((-935)/(-20) + 21))?
161
Let o = -4751 - -6156. Calculate the remainder when o is divided by 38.
37
Let m(k) = -k**3 - 9*k**2 + 34*k + 9. Let w be m(-13). Let s = 371 - w. What is the remainder when s is divided by 19?
14
Suppose -3*t + 7 = 5*l, 3*l - 11 + 3 = 2*t. Let v be ((-20)/15)/(((-8)/3)/(-4)). What is the remainder when ((-39)/(-1) - v) + t is divided by 6?
4
Let r(x) = 4*x**2 + 44*x - 255. What is the remainder when r(5) is divided by 20?
5
Suppose 3*r = 2*l + 4*r - 355, 4*l + 5*r = 725. Suppose -178*a + 18 = -l*a. What is the remainder when a is divided by 2?
0
Let g(x) = x**3 - 4*x**2 + 4. Let f be g(4). Suppose f*q + 206 = 2*b - b, q = 3. What is the remainder when b is divided by 55?
53
Suppose -f + 1 = 0, -2*f - 2*f = -3*y + 5. Suppose 5*w = y*s + 92, -4*s = 5*w + 5 - 69. Calculate the remainder when 78 is divided by w.
14
Let h = 132 + -142. Let y(l) = l**2 + 4*l + 29. What is the remainder when y(h) is divided by 23?
20
Let b(h) = 3*h + 9. Let s be b(-3). Suppose 3*t = -s*m + 4*m + 82, 0 = t + 4*m - 54. Let w = -547 + 559. Calculate the remainder when t is divided by w.
10
Suppose 107 = h + o - 47, -2*h - 4*o = -322. Calculate the remainder when 665 is divided by h.
77
Let k be 4/6 - 16/24. Let s = 23 - k. Let o = 43 - 29. What is the remainder when s is divided by o?
9
Suppose 9*w - 344 = 17*w. Let y = w - -66. Suppose 0 = -5*s - 7 + 37. Calculate the remainder when y is divided by s.
5
Suppose 0 = -14*g - 4710 - 1632. Let q = -437 - g. Calculate the remainder when 26 is divided by q.
10
Let r(z) = 24*z + 11. Let v(y) = -6 - y - 12 - 13*y + 9*y. Let l be v(-5). What is the remainder when r(l) is divided by 45?
44
Suppose -4*m - 257 = -5*x + 447, -5*x + 724 = m. What is the remainder when x is divided by 30?
24
Let r(s) = s**3 - 29*s**2 - 3*s + 80. Let o be r(29). Calculate the remainder when (-1)/1*(-123 + (o - -7)) is divided by 44.
35
Suppose -w + 5*v + 52 = 0, -5*w = 167*v - 170*v - 326. Calculate the remainder when w is divided by 28.
11
Suppose -2*b + 19 = 10*m - 7*m, 0 = 2*b - 3*m + 11. Calculate the remainder when 74 is divided by (-4)/14 + ((-4736)/(-56))/b.
32
Let q(d) = d**3 - 24*d**2 + 43*d + 432. What is the remainder when 191 is divided by q(21)?
11
Let f = 20531 - 19518. What is the remainder when f is divided by 51?
44
Suppose 13 + 8 = i + 4*v, 4*v + 9 = 5*i. Suppose 2*w + 5*k = 28, -i*k - 4 = -14. Calculate the remainder when 89 is divided by w.
8
Let w = -15844 - -15877. What is the remainder when 4651 is divided by w?
31
Let o(y) = y**3 - 3*y**2 - 3*y - 4. Let n be o(4). Suppose -35*t + 34*t + 3 = n. Suppose -15 + 153 = t*h. Calculate the remainder when 182 is divided by h.
44
Suppose 0 = 5*o - 2*o - 126. Calculate the remainder when o is divided by (-15)/(-60) + (-78)/(-8) - (13 - 28).
17
Suppose -2*p = 2*p - 32. Suppose -p*m = 53 - 245. What is the remainder when 95 + (0/(-1))/(-3) is divided by m?
23
Suppose -145 = -5*x - 809*l + 807*l, -4*x = -2*l - 116. Calculate the remainder when 1678 is divided by x.
25
Suppose 0 = -5*x + 3*d + 376 - 119, d = -4*x + 226. Calculate the remainder when 474 is divided by x.
34
Let r = 142 - 150. Let x = r + 61. Calculate the remainder when x is divided by 3.
2
Let m(j) = -j**3 - 3*j**2 + 294*j + 1676. What is the remainder when 4079 is divided by m(-6)?
19
Let g(o) = 67*o + 2036. What is the remainder when 1429 is divided by g(-30)?
25
Let k(w) = w**3 - 61*w**2 - 35*w + 592. What is the remainder when k(62) is divided by 27?
25
Let h(q) = 4*q**2 + 17*q**3 - 1 + 1 - 3*q**2 - q. Let m(w) = 7*w + 75. What is the remainder when m(6) is divided by h(1)?
15
Let f(v) = 33*v + 21. Let p be f(3). Let m = -20 + p. What is the remainder when m is divided by 34?
32
Let p(n) = -n**2 + 5*n - 2. Let u be p(6). Let h(x) = 8*x - 13. Let g be h(u). Let v = -68 - g. Calculate the remainder when 53 is divided by v.
8
Suppose -59*y + 93248 = 69*y - 4*y. Calculate the remainder when y is divided by 60.
32
Suppose -28*c - 1232 = -8*c - 1792. Calculate the remainder when 1593 is divided by c.
25
Suppose -145*j - 156*j + 338*j = 777. What is the remainder when 34 is divided by j?
13
Let p = -7663 - -8011. Calculate the remainder when p is divided by 9.
6
Let v(h) = 8 + 3*h - 8*h - 38 + 14*h. Let o be v(-11). Let y = -81 - o. Calculate the remainder 